[INFO] cloning repository https://github.com/arshubham/RustWebServerExample
[INFO] running `Command { std: "git" "-c" "credential.helper=" "-c" "credential.helper=/workspace/cargo-home/bin/git-credential-null" "clone" "--bare" "https://github.com/arshubham/RustWebServerExample" "/workspace/cache/git-repos/https%3A%2F%2Fgithub.com%2Farshubham%2FRustWebServerExample", kill_on_drop: false }`
[INFO] [stderr] Cloning into bare repository '/workspace/cache/git-repos/https%3A%2F%2Fgithub.com%2Farshubham%2FRustWebServerExample'...
[INFO] running `Command { std: "git" "rev-parse" "HEAD", kill_on_drop: false }`
[INFO] [stdout] 7533ec0d6637a705f2e4f9928bf561cad1a06b7a
[INFO] checking arshubham/RustWebServerExample against try#72f88fc4e9458f89516a0b8b0868f3718aec5b47 for pr-74989
[INFO] running `Command { std: "git" "clone" "/workspace/cache/git-repos/https%3A%2F%2Fgithub.com%2Farshubham%2FRustWebServerExample" "/workspace/builds/worker-1/source", kill_on_drop: false }`
[INFO] [stderr] Cloning into '/workspace/builds/worker-1/source'...
[INFO] [stderr] done.
[INFO] validating manifest of git repo https://github.com/arshubham/RustWebServerExample on toolchain 72f88fc4e9458f89516a0b8b0868f3718aec5b47
[INFO] running `Command { std: "/workspace/cargo-home/bin/cargo" "+72f88fc4e9458f89516a0b8b0868f3718aec5b47" "read-manifest" "--manifest-path" "Cargo.toml", kill_on_drop: false }`
[INFO] started tweaking git repo https://github.com/arshubham/RustWebServerExample
[INFO] finished tweaking git repo https://github.com/arshubham/RustWebServerExample
[INFO] tweaked toml for git repo https://github.com/arshubham/RustWebServerExample written to /workspace/builds/worker-1/source/Cargo.toml
[INFO] crate git repo https://github.com/arshubham/RustWebServerExample already has a lockfile, it will not be regenerated
[INFO] running `Command { std: "/workspace/cargo-home/bin/cargo" "+72f88fc4e9458f89516a0b8b0868f3718aec5b47" "fetch" "--locked" "--manifest-path" "Cargo.toml", kill_on_drop: false }`
[INFO] running `Command { std: "docker" "create" "-v" "/var/lib/crater-agent-workspace/builds/worker-1/target:/opt/rustwide/target:rw,Z" "-v" "/var/lib/crater-agent-workspace/builds/worker-1/source:/opt/rustwide/workdir:ro,Z" "-v" "/var/lib/crater-agent-workspace/cargo-home:/opt/rustwide/cargo-home:ro,Z" "-v" "/var/lib/crater-agent-workspace/rustup-home:/opt/rustwide/rustup-home:ro,Z" "-e" "SOURCE_DIR=/opt/rustwide/workdir" "-e" "CARGO_TARGET_DIR=/opt/rustwide/target" "-e" "CARGO_HOME=/opt/rustwide/cargo-home" "-e" "RUSTUP_HOME=/opt/rustwide/rustup-home" "-w" "/opt/rustwide/workdir" "-m" "1610612736" "--user" "0:0" "--network" "none" "rustops/crates-build-env@sha256:d92eaeed33fa75130ca1ee6c8a01d1ffb62bac859dfdfb3450e3e5d1c0146529" "/opt/rustwide/cargo-home/bin/cargo" "+72f88fc4e9458f89516a0b8b0868f3718aec5b47" "metadata" "--no-deps" "--format-version=1", kill_on_drop: false }`
[INFO] [stdout] 445f3f5981ae7faf22ffb5a695604ad316f11e02b2f2c075a3c1dbcb61e57a93
[INFO] [stderr] WARNING: Your kernel does not support swap limit capabilities or the cgroup is not mounted. Memory limited without swap.
[INFO] running `Command { std: "docker" "start" "-a" "445f3f5981ae7faf22ffb5a695604ad316f11e02b2f2c075a3c1dbcb61e57a93", kill_on_drop: false }`
[INFO] running `Command { std: "docker" "inspect" "445f3f5981ae7faf22ffb5a695604ad316f11e02b2f2c075a3c1dbcb61e57a93", kill_on_drop: false }`
[INFO] running `Command { std: "docker" "rm" "-f" "445f3f5981ae7faf22ffb5a695604ad316f11e02b2f2c075a3c1dbcb61e57a93", kill_on_drop: false }`
[INFO] [stdout] 445f3f5981ae7faf22ffb5a695604ad316f11e02b2f2c075a3c1dbcb61e57a93
[INFO] running `Command { std: "docker" "create" "-v" "/var/lib/crater-agent-workspace/builds/worker-1/target:/opt/rustwide/target:rw,Z" "-v" "/var/lib/crater-agent-workspace/builds/worker-1/source:/opt/rustwide/workdir:ro,Z" "-v" "/var/lib/crater-agent-workspace/cargo-home:/opt/rustwide/cargo-home:ro,Z" "-v" "/var/lib/crater-agent-workspace/rustup-home:/opt/rustwide/rustup-home:ro,Z" "-e" "SOURCE_DIR=/opt/rustwide/workdir" "-e" "CARGO_TARGET_DIR=/opt/rustwide/target" "-e" "CARGO_INCREMENTAL=0" "-e" "RUST_BACKTRACE=full" "-e" "RUSTFLAGS=--cap-lints=forbid" "-e" "CARGO_HOME=/opt/rustwide/cargo-home" "-e" "RUSTUP_HOME=/opt/rustwide/rustup-home" "-w" "/opt/rustwide/workdir" "-m" "1610612736" "--user" "0:0" "--network" "none" "rustops/crates-build-env@sha256:d92eaeed33fa75130ca1ee6c8a01d1ffb62bac859dfdfb3450e3e5d1c0146529" "/opt/rustwide/cargo-home/bin/cargo" "+72f88fc4e9458f89516a0b8b0868f3718aec5b47" "check" "--frozen" "--all" "--all-targets" "--message-format=json", kill_on_drop: false }`
[INFO] [stdout] e8aa7e644ed894cad1c47d469bfc9a961f1ccc80ec8266d0426fa97a3be7fcf1
[INFO] [stderr] WARNING: Your kernel does not support swap limit capabilities or the cgroup is not mounted. Memory limited without swap.
[INFO] running `Command { std: "docker" "start" "-a" "e8aa7e644ed894cad1c47d469bfc9a961f1ccc80ec8266d0426fa97a3be7fcf1", kill_on_drop: false }`
[INFO] [stderr]     Checking hello v0.1.0 (/opt/rustwide/workdir)
[INFO] [stdout] error: struct is not supported in `trait`s or `impl`s
[INFO] [stdout]   --> src/lib.rs:22:5
[INFO] [stdout]    |
[INFO] [stdout] 22 |     struct Worker {
[INFO] [stdout]    |     ^^^^^^^^^^^^^
[INFO] [stdout]    |
[INFO] [stdout]    = help: consider moving the struct out to a nearby module scope
[INFO] [stdout] 
[INFO] [stdout] 
[INFO] [stdout] error: implementation is not supported in `trait`s or `impl`s
[INFO] [stdout]   --> src/lib.rs:27:5
[INFO] [stdout]    |
[INFO] [stdout] 27 |     impl Worker {
[INFO] [stdout]    |     ^^^^^^^^^^^
[INFO] [stdout]    |
[INFO] [stdout]    = help: consider moving the implementation out to a nearby module scope
[INFO] [stdout] 
[INFO] [stdout] 
[INFO] [stdout] error: struct is not supported in `trait`s or `impl`s
[INFO] [stdout]   --> src/lib.rs:22:5
[INFO] [stdout]    |
[INFO] [stdout] 22 |     struct Worker {
[INFO] [stdout]    |     ^^^^^^^^^^^^^
[INFO] [stdout]    |
[INFO] [stdout]    = help: consider moving the struct out to a nearby module scope
[INFO] [stdout] 
[INFO] [stdout] 
[INFO] [stdout] error: implementation is not supported in `trait`s or `impl`s
[INFO] [stdout]   --> src/lib.rs:27:5
[INFO] [stdout]    |
[INFO] [stdout] 27 |     impl Worker {
[INFO] [stdout]    |     ^^^^^^^^^^^
[INFO] [stdout]    |
[INFO] [stdout]    = help: consider moving the implementation out to a nearby module scope
[INFO] [stdout] 
[INFO] [stdout] 
[INFO] [stdout] error[E0433]: failed to resolve: use of undeclared type or module `Worker`
[INFO] [stdout]   --> src/lib.rs:10:26
[INFO] [stdout]    |
[INFO] [stdout] 10 |             workers.push(Worker::new(id));
[INFO] [stdout]    |                          ^^^^^^ use of undeclared type or module `Worker`
[INFO] [stdout] 
[INFO] [stdout] 
[INFO] [stdout] error[E0433]: failed to resolve: use of undeclared type or module `Worker`
[INFO] [stdout]   --> src/lib.rs:10:26
[INFO] [stdout]    |
[INFO] [stdout] 10 |             workers.push(Worker::new(id));
[INFO] [stdout]    |                          ^^^^^^ use of undeclared type or module `Worker`
[INFO] [stdout] 
[INFO] [stdout] 
[INFO] [stdout] error[E0560]: struct `ThreadPool` has no field named `workers`
[INFO] [stdout]   --> src/lib.rs:14:13
[INFO] [stdout]    |
[INFO] [stdout] 14 |             workers
[INFO] [stdout]    |             ^^^^^^^ `ThreadPool` does not have this field
[INFO] [stdout] 
[INFO] [stdout] 
[INFO] [stdout] error: aborting due to 4 previous errors
[INFO] [stdout] 
[INFO] [stdout] 
[INFO] [stdout] Some errors have detailed explanations: E0433, E0560.
[INFO] [stdout] 
[INFO] [stdout] For more information about an error, try `rustc --explain E0433`.
[INFO] [stdout] 
[INFO] [stdout] error[E0560]: struct `ThreadPool` has no field named `workers`
[INFO] [stdout]   --> src/lib.rs:14:13
[INFO] [stdout]    |
[INFO] [stdout] 14 |             workers
[INFO] [stdout]    |             ^^^^^^^ `ThreadPool` does not have this field
[INFO] [stdout] 
[INFO] [stdout] 
[INFO] [stdout] error: aborting due to 4 previous errors
[INFO] [stdout] 
[INFO] [stdout] 
[INFO] [stdout] Some errors have detailed explanations: E0433, E0560.
[INFO] [stdout] 
[INFO] [stdout] For more information about an error, try `rustc --explain E0433`.
[INFO] [stdout] 
[INFO] [stderr] error: could not compile `hello`.
[INFO] [stderr] 
[INFO] [stderr] To learn more, run the command again with --verbose.
[INFO] [stderr] warning: build failed, waiting for other jobs to finish...
[INFO] [stderr] error: build failed
[INFO] running `Command { std: "docker" "inspect" "e8aa7e644ed894cad1c47d469bfc9a961f1ccc80ec8266d0426fa97a3be7fcf1", kill_on_drop: false }`
[INFO] running `Command { std: "docker" "rm" "-f" "e8aa7e644ed894cad1c47d469bfc9a961f1ccc80ec8266d0426fa97a3be7fcf1", kill_on_drop: false }`
[INFO] [stdout] e8aa7e644ed894cad1c47d469bfc9a961f1ccc80ec8266d0426fa97a3be7fcf1
